osite number?
False
Is 480959 a composite number?
False
Is 1866373 prime?
True
Is 5951 prime?
False
Is 679807 composite?
False
Is 587863 prime?
True
Is 147629 a prime number?
True
Is 8009 composite?
False
Is 1079 a composite number?
True
Is 14129 composite?
True
Is 28685 prime?
False
Is 1011 a prime number?
False
Is 2357 a prime number?
True
Is 260849 prime?
True
Is 14513 a composite number?
True
Is 31029 a composite number?
True
Is 34 prime?
False
Is 49583 a prime number?
False
Is 3029 composite?
True
Is 107339 a composite number?
False
Is 3077 a composite number?
True
Is 153343 a composite number?
False
Is 151379 composite?
False
Is 244151 a prime number?
False
Is 4322341 a composite number?
True
Is 32749 a prime number?
True
Is 21799 a composite number?
False
Is 18053 a prime number?
False
Is 17467 a prime number?
True
Is 261682 a prime number?
False
Is 534487 a composite number?
True
Is 746 a composite number?
True
Is 11351 prime?
True
Is 4717 a composite number?
True
Is 11101 a prime number?
False
Is 382105 a composite number?
True
Is 60859 a composite number?
False
Is 196853 composite?
False
Is 21863 composite?
False
Is 112543 a composite number?
False
Is 33923 a composite number?
False
Is 106591 a prime number?
True
Is 25523 a composite number?
False
Is 83095 prime?
False
Is 1247813 composite?
True
Is 149879 composite?
True
Is 398459 composite?
False
Is 448351 a prime number?
True
Is 76613 composite?
True
Is 1208833 a prime number?
True
Is 86197 a prime number?
True
Is 177347 composite?
False
Is 541 composite?
False
Is 359041 a composite number?
False
Is 12497 prime?
True
Is 86393 prime?
False
Is 204973 prime?
True
Is 258101 a prime number?
True
Is 1944197 a prime number?
True
Is 49757 composite?
False
Is 4783 a prime number?
True
Is 16322 a prime number?
False
Is 122338 prime?
False
Is 4299 prime?
False
Is 3989 composite?
False
Is 89 a composite number?
False
Is 105487 a prime number?
False
Is 1091807 prime?
True
Is 6449 a prime number?
True
Is 269023 composite?
False
Is 53189 prime?
True
Is 158489 a prime number?
True
Is 37087 prime?
True
Is 558167 a prime number?
True
Is 5294 a prime number?
False
Is 83537 prime?
True
Is 181901 composite?
True
Is 369401 prime?
False
Is 1362169 a prime number?
False
Is 7069 composite?
False
Is 1187 composite?
False
Is 98597 prime?
True
Is 45623 a prime number?
False
Is 1477 composite?
True
Is 12515 a composite number?
True
Is 16726 prime?
False
Is 365 composite?
True
Is 976433 composite?
True
Is 163109 a prime number?
True
Is 2203 a composite number?
False
Is 31973 prime?
True
Is 9967 a prime number?
True
Is 29897 composite?
True
Is 11157 a composite number?
True
Is 5971 a prime number?
False
Is 135385 composite?
True
Is 610819 a composite number?
True
Is 15391 prime?
True
Is 95311 a prime number?
True
Is 22051 composite?
False
Is 15969 prime?
False
Is 682519 a prime number?
True
Is 25859 prime?
False
Is 444259 composite?
True
Is 34027 prime?
False
Is 5583 a prime number?
False
Is 1044871 a prime number?
False
Is 407 a prime number?
False
Is 79 a composite number?
False
Is 18973 a prime number?
True
Is 36059 prime?
False
Is 10783 prime?
False
Is 94187 a composite number?
True
Is 1757543 prime?
False
Is 6731 a prime number?
False
Is 177257 a composite number?
False
Is 53681 a composite number?
False
Is 6 prime?
False
Is 125159 a composite number?
True
Is 2886319 a prime number?
True
Is 1319 prime?
True
Is 12247 composite?
True
Is 47597 a prime number?
False
Is 404941 composite?
False
Is 27361 prime?
True
Is 133853 a prime number?
True
Is 14959 prime?
False
Is 298937 a prime number?
True
Is 13973 a prime number?
False
Is 5815 a composite number?
True
Is 9643 prime?
True
Is 5731 a prime number?
False
Is 28277 prime?
True
Is 27119 prime?
False
Is 1159447 a composite number?
False
Is 9181 composite?
False
Is 11857 a composite number?
True
Is 8849 a composite number?
False
Is 18013 a composite number?
False
Is 10237 prime?
False
Is 4321 a composite number?
True
Is 257671 prime?
True
Is 300809 prime?
True
Is 3440219 a composite number?
True
Is 140037 composite?
True
Is 2333 composite?
False
Is 225007 composite?
True
Is 4061 a prime number?
False
Is 75967 composite?
False
Is 10583 composite?
True
Is 8263 a prime number?
True
Is 48017 prime?
True
Is 72461 a prime number?
True
Is 15121 a prime number?
True
Is 18583 a prime number?
True
Is 19187 a composite number?
True
Is 20851 a composite number?
True
Is 224753 composite?
True
Is 1682578 composite?
True
Is 14401 composite?
False
Is 21557 a prime number?
True
Is 3759101 a prime number?
True
Is 29317 prime?
False
Is 3077 composite?
True
Is 88611 prime?
False
Is 69427 prime?
True
Is 55763 a prime number?
True
Is 15487 composite?
True
Is 26135 prime?
False
Is 10522 composite?
True
Is 13147 composite?
False
Is 54437 prime?
True
Is 367031 a composite number?
True
Is 92821 composite?
False
Is 29081 composite?
True
Is 10831 a prime number?
True
Is 521 a prime number?
True
Is 16729 a composite number?
False
Is 7123 prime?
False
Is 3234327 a composite number?
True
Is 8147 a prime number?
True
Is 31177 composite?
False
Is 6343 composite?
False
Is 327937 composite?
True
Is 877501 composite?
True
Is 26461 a composite number?
True
Is 16921 composite?
False
Is 15403 composite?
True
Is 2173 a composite number?
True
Is 3865 a composite number?
True
Is 43151 prime?
True
Is 20849 a prime number?
True
Is 202646 prime?
False
Is 2447 a composite number?
False
Is 192217 composite?
True
Is 1574963 a prime number?
False
Is 1067 a prime number?
False
Is 20573 a composite number?
True
Is 1397 composite?
True
Is 49493 a prime number?
False
Is 112877 a prime number?
True
Is 3149 a composite number?
True
Is 4909 composite?
False
Is 93281 composite?
False
Is 26759 a prime number?
True
Is 183139 a composite number?
True
Is 204857 composite?
False
Is 163469 a composite number?
False
Is 1848317 prime?
False
Is 643267 composite?
True
Is 4201 a composite number?
False
Is 136663 composite?
True
Is 3511 prime?
True
Is 700277 composite?
False
Is 2813917 composite?
False
Is 629834 a prime number?
False
Is 471857 prime?
False
Is 2317 a prime number?
False
Is 5331 a prime number?
False
Is 2346013 a prime number?
False
Is 36887 a prime number?
True
Is 59545 composite?
True
Is 359035 composite?
True
Is 1322 a composite number?
True
Is 298019 a composite number?
True
Is 16717 prime?
False
Is 3959 composite?
True
Is 967 composite?
False
Is 33101 a composite number?
True
Is 141101 prime?
True
Is 6899 prime?
True
Is 13393 composite?
True
Is 787 a composite number?
False
Is 20981 a composite number?
False
Is 10893 a prime number?
False
Is 24637 a composite number?
True
Is 293 prime?
True
Is 361529 prime?
False
Is 17341 prime?
True
Is 24281 prime?
True
Is 30179 a prime number?
False
Is 675299 a composite number?
False
Is 95311 a composite number?
False
Is 8247 a composite number?
True
Is 8529 composite?
True
Is 1172107 composite?
False
Is 5945929 a composite number?
True
Is 2047 composite?
True
Is 6197 a composite number?
False
Is 103497 prime?
False
Is 40955 a prime number?
False
Is 3334685 prime?
False
Is 1314053 a composite number?
True
Is 64033 a composite number?
False
Is 46853 a composite number?
False
Is 123581 composite?
False
Is 5227 a prime number?
True
Is 39977 a composite number?
True
Is 43597 prime?
True
Is 3497 prime?
False
Is 31643 composite?
False
Is 10559 composite?
False
Is 27731 composite?
True
Is 12893 a composite number?
False
Is 192091 a composite number?
False
Is 269489 a prime number?
False
Is 751 a composite number?
False
Is 152245 a composite number?
True
Is 8581 a composite number?
False
Is 877 a composite number?
False
Is 1117297 composite?
True
Is 54059 composite?
False
Is 50111 a prime number?
True
Is 73783 composite?
False
Is 394177 a composite number?
True
Is 966934 composite?
True
Is 16979 prime?
True
Is 6947 a composite number?
False
Is 45397 composite?
True
Is 24071 prime?
True
Is 2129 composite?
False
Is 22138 a composite number?
True
Is 14851 a composite number?
False
Is 80686 prime?
False
Is 895121 composite?
True
Is 11170999 a composite number?
True
Is 43277 a composite number?
True
Is 113189 prime?
True
Is 6563 a composite number?
False
Is 314547 a prime number?
Fa